{"id":546,"date":"2018-05-22T19:17:40","date_gmt":"2018-05-22T17:17:40","guid":{"rendered":"http:\/\/www.solidarwerk.de\/cms\/?page_id=546"},"modified":"2025-09-24T08:47:39","modified_gmt":"2025-09-24T06:47:39","slug":"datenschutz","status":"publish","type":"page","link":"https:\/\/www.solidarwerk.de\/cms\/?page_id=546","title":{"rendered":"Datenschutz"},"content":{"rendered":"<h1><strong>Datenschutzhinweise nach Art. 13 und 21 DS-GVO f\u00fcr die Website des Solidarwerk der katholischen Orden Deutschlands e.V.<\/strong><\/h1>\n<p><strong><br \/>\n1.\u00a0Allgemeines<\/strong><\/p>\n<p>Wir, der\u00a0Solidarwerk der katholischen Orden Deutschlands e.V., nehmen den Schutz Ihrer personenbezogenen Daten und die diesem Schutz dienenden gesetzlichen Verpflichtungen sehr ernst. Die gesetzlichen Vorgaben verlangen umfassende Transparenz \u00fcber die Verarbeitung pers\u00f6nlicher Daten. Nur wenn die Verarbeitung f\u00fcr Sie als betroffene Person nachvollziehbar ist, sind Sie ausreichend \u00fcber den Sinn, Zweck und Umfang der Verarbeitung informiert. Unsere Datenschutzerkl\u00e4rung erkl\u00e4rt Ihnen deshalb ausf\u00fchrlich, welche sog. personenbezogenen Daten von uns bei der Nutzung der Website\u00a0www.solidarwerk.de und allen hierauf verweisenden anderen Internetseiten verarbeitet werden (Definitionen unter 2.).<\/p>\n<p>Verantwortlicher im Sinne des Gesetzes \u00fcber den Kirchlichen Datenschutz (KDG), der Datenschutz-Grundverordnung (DS-GVO), des Bundesdatenschutzgesetzes (BDSG) sowie sonstiger datenschutzrechtlicher Vorgaben ist<\/p>\n<p>Solidarwerk der katholischen Orden Deutschlands e.V.<br \/>\nGesch\u00e4ftsstelle<br \/>\nWittelsbacherring 9<br \/>\n53115 Bonn<br \/>\nE-Mail: info@solidarwerk.de<br \/>\nIm Folgenden\u00a0<strong>\u201eVerantwortlicher\u201c<\/strong>\u00a0oder\u00a0<strong>\u201ewir\u201c<\/strong>\u00a0genannt.<\/p>\n<p>Die f\u00fcr uns zust\u00e4ndige Aufsichtsbeh\u00f6rde ist:<\/p>\n<p>Katholisches Datenschutzzentrum &#8211; K\u00f6rperschaft des \u00f6ffentlichen Rechts<br \/>\nBrackeler Hellweg 144<br \/>\n44309 Dortmund<br \/>\nTelefon: 0231\/13 89 85-0<br \/>\nE-Mail: info@kdsz.de<\/p>\n<p>Bitte beachten Sie, dass Sie \u00fcber Links auf unserer Website zu anderen Internetseiten gelangen k\u00f6nnen, die nicht von uns, sondern von Dritten betrieben werden. Solche Links werden von uns entweder eindeutig gekennzeichnet oder sind durch einen Wechsel in der Adresszeile Ihres Browsers erkennbar. F\u00fcr die Einhaltung der datenschutzrechtlichen Bestimmungen und einen sicheren Umgang mit Ihren personenbezogenen Daten auf diesen von Dritten betriebenen Internetseiten sind wir nicht verantwortlich.<\/p>\n<p><strong>2.\u00a0Definitionen<\/strong><\/p>\n<p><strong>2.1. Aus dem KDG und der DS-GVO<br \/>\n<\/strong>Diese Datenschutzerkl\u00e4rung verwendet die Begriffe des Gesetzestexte des KDG und der DS-GVO. Die Begriffsbestimmungen (\u00a7\u00a04 KDG, Art.\u00a04 DS-GVO) k\u00f6nnen Sie z.B. unter <a href=\"https:\/\/www.datenschutz-kirche.de\/\" class=\"liinternal\">https:\/\/www.datenschutz-kirche.de\/<\/a> und <a href=\"https:\/\/dejure.org\/gesetze\/DSGVO\/4.html\" class=\"liinternal\">https:\/\/dejure.org\/gesetze\/DSGVO\/4.html<\/a> einsehen.<br \/>\n<strong>2.2. Cookie<br \/>\n<\/strong>Cookies sind Textdateien, die von einer Website auf Ihrem Endger\u00e4t abgelegt bzw. dort ausgelesen werden. Sie enthalten Buchstaben- und Zahlenkombinationen, um z.B. bei einer erneuten Verbindung zur Cookie-setzenden Website den Nutzer und seine Einstellungen wiederzuerkennen, das Eingeloggt-Bleiben in einem Kundenkonto zu erm\u00f6glichen oder ein bestimmtes Nutzungsverhalten statistisch zu analysieren.<\/p>\n<p><strong>3.\u00a0Allgemeine Informationen zur Datenverarbeitung<\/strong><\/p>\n<p>Wir verarbeiten personenbezogene Daten nur, soweit dies gesetzlich zul\u00e4ssig ist. Eine Weitergabe personenbezogener Daten findet ausschlie\u00dflich in den unten beschriebenen F\u00e4llen (s. unten 4.) statt.<\/p>\n<p><strong>4.\u00a0Datenverarbeitung im Zusammenhang mit der Nutzung der Website<\/strong><\/p>\n<p><strong>4.1. Informatorische Nutzung der Website<br \/>\n<\/strong>Wenn Sie unsere Website aufrufen und rein informatorisch, das hei\u00dft ohne Verwendung von Zusatzfunktionen wie Kontaktformular oder Social Media Plugins, nutzen, werden automatisch personenbezogene Daten von uns erhoben. Hierbei handelt es sich um folgende Informationen: IP-Adresse Ihres Endger\u00e4ts sowie Datum und Uhrzeit des Abrufs der Website. Diese Informationen werden von Ihrem Browser \u00fcbermittelt, sofern Sie ihn nicht so konfiguriert haben, dass die \u00dcbermittlung der Informationen unterdr\u00fcckt wird. Zur Gew\u00e4hrleistung der Sicherheit unserer informationstechnischen Systeme ben\u00f6tigen wir einen Teil der IP-Adresse. Hierin liegt zugleich unser berechtigtes Interesse, weswegen die Verarbeitung nach \u00a7\u00a06 Abs.\u00a01 Buchst.\u00a0g KDG, Art. 6 Abs.\u00a01 Buchst. f DS-GVO zul\u00e4ssig ist. Ihre IP-Adresse wird jedoch unmittelbar nach der Erhebung durch uns anonymisiert. Danach ist eine Zuordnung der IP-Adresse zu Ihnen nicht mehr m\u00f6glich.<br \/>\n<strong>4.2. Kontaktaufnahme per E-Mail<br \/>\n<\/strong>Wenn Sie uns eine E-Mail schreiben, werden die von Ihnen dort angegebenen personenbezogenen Daten von uns verarbeitet. Diese Informationen werden von Ihrem Browser oder E-Mail-Client \u00fcbermittelt und in unseren informationstechnischen Systemen gespeichert. Die Verarbeitung dieser personenbezogenen Daten ist notwendig f\u00fcr die Beantwortung Ihrer Anfrage. Zus\u00e4tzlich werden Ihre IP-Adresse und Datum und Uhrzeit der \u00dcbermittlung gespeichert.<br \/>\nDie Datenverarbeitung dient der Beantwortung Ihrer Anfrage. Diese Verarbeitung ist rechtm\u00e4\u00dfig, weil die Beantwortung Ihrer Anfrage ein berechtigtes Interesse im Sinne des \u00a7\u00a06 Abs.\u00a01 Buchst.\u00a0g KDG, Art.\u00a06 Abs.\u00a01 Buchst. f DS-GVO darstellt.\u00a0Sollte Ihre Anfrage zu einem sp\u00e4teren Vereinsbeitritt f\u00fchren oder eine bestehende Vereinsmitgliedschaft betreffen, so ist die Verarbeitung zugleich gem\u00e4\u00df \u00a7\u00a06 Abs.\u00a01 Buchst.\u00a0c KDG, Art. 6 Abs.\u00a01 Buchst. b DS-GVO zul\u00e4ssig.<br \/>\nDie personenbezogenen Daten werden solange gespeichert, wie dies zur Beantwortung Ihrer Anfrage erforderlich ist.\u00a0Sollte Ihre Anfrage zu einem sp\u00e4teren Vertragsschluss f\u00fchren oder die Durchf\u00fchrung eines bestehenden Vertrags betreffen, findet eine Speicherung statt solange dies zur Durchf\u00fchrung vorvertraglicher Ma\u00dfnahmen oder zur Erf\u00fcllung des Vertrags erforderlich ist.\u00a0Danach werden die personenbezogenen Daten routinem\u00e4\u00dfig alle\u00a06 Monate gel\u00f6scht. Wir f\u00fchren diese personenbezogenen Daten nicht mit anderen Datenquellen zusammen. Eine Datenweitergabe an Dritte findet nicht statt. Eine \u00dcbermittlung in ein Drittland oder an eine internationale Organisation ist nicht beabsichtigt. Sie sind zur Bereitstellung dieser personenbezogenen Daten nicht verpflichtet, der Versand einer E-Mail ist ohne die Bereitstellung jedoch nicht m\u00f6glich.<\/p>\n","protected":false},"excerpt":{"rendered":"<p>Datenschutzhinweise nach Art. 13 und 21 DS-GVO f\u00fcr die Website des Solidarwerk der katholischen Orden Deutschlands e.V. 1.\u00a0Allgemeines Wir, der\u00a0Solidarwerk der katholischen Orden Deutschlands e.V., nehmen den Schutz Ihrer personenbezogenen Daten und die diesem Schutz dienenden gesetzlichen Verpflichtungen sehr ernst. Die gesetzlichen Vorgaben verlangen umfassende Transparenz \u00fcber die Verarbeitung pers\u00f6nlicher Daten. Nur wenn die Verarbeitung f\u00fcr Sie als betroffene Person &hellip; <a href=\"https:\/\/www.solidarwerk.de\/cms\/?page_id=546\" class=\"liinternal\">Weiterlesen <span class=\"meta-nav\">&rarr;<\/span><\/a><\/p>\n","protected":false},"author":6,"featured_media":0,"parent":0,"menu_order":10,"comment_status":"closed","ping_status":"closed","template":"","meta":[],"_links":{"self":[{"href":"https:\/\/www.solidarwerk.de\/cms\/index.php?rest_route=\/wp\/v2\/pages\/546"}],"collection":[{"href":"https:\/\/www.solidarwerk.de\/cms\/index.php?rest_route=\/wp\/v2\/pages"}],"about":[{"href":"https:\/\/www.solidarwerk.de\/cms\/index.php?rest_route=\/wp\/v2\/types\/page"}],"author":[{"embeddable":true,"href":"https:\/\/www.solidarwerk.de\/cms\/index.php?rest_route=\/wp\/v2\/users\/6"}],"replies":[{"embeddable":true,"href":"https:\/\/www.solidarwerk.de\/cms\/index.php?rest_route=%2Fwp%2Fv2%2Fcomments&post=546"}],"version-history":[{"count":11,"href":"https:\/\/www.solidarwerk.de\/cms\/index.php?rest_route=\/wp\/v2\/pages\/546\/revisions"}],"predecessor-version":[{"id":710,"href":"https:\/\/www.solidarwerk.de\/cms\/index.php?rest_route=\/wp\/v2\/pages\/546\/revisions\/710"}],"wp:attachment":[{"href":"https:\/\/www.solidarwerk.de\/cms\/index.php?rest_route=%2Fwp%2Fv2%2Fmedia&parent=546"}],"curies":[{"name":"wp","href":"https:\/\/api.w.org\/{rel}","templated":true}]}}

<h1><strong>Datenschutzhinweise nach Art. 13 und 21 DS-GVO für die Website des Solidarwerk der katholischen Orden Deutschlands e.V.</strong></h1>
<p><strong><br />
1. Allgemeines</strong></p>
<p>Wir, der Solidarwerk der katholischen Orden Deutschlands e.V., nehmen den Schutz Ihrer personenbezogenen Daten und die diesem Schutz dienenden gesetzlichen Verpflichtungen sehr ernst. Die gesetzlichen Vorgaben verlangen umfassende Transparenz über die Verarbeitung persönlicher Daten. Nur wenn die Verarbeitung für Sie als betroffene Person nachvollziehbar ist, sind Sie ausreichend über den Sinn, Zweck und Umfang der Verarbeitung informiert. Unsere Datenschutzerklärung erklärt Ihnen deshalb ausführlich, welche sog. personenbezogenen Daten von uns bei der Nutzung der Website www.solidarwerk.de und allen hierauf verweisenden anderen Internetseiten verarbeitet werden (Definitionen unter 2.).</p>
<p>Verantwortlicher im Sinne des Gesetzes über den Kirchlichen Datenschutz (KDG), der Datenschutz-Grundverordnung (DS-GVO), des Bundesdatenschutzgesetzes (BDSG) sowie sonstiger datenschutzrechtlicher Vorgaben ist</p>
<p>Solidarwerk der katholischen Orden Deutschlands e.V.<br />
Geschäftsstelle<br />
Wittelsbacherring 9<br />
53115 Bonn<br />
E-Mail: info@solidarwerk.de<br />
Im Folgenden <strong>„Verantwortlicher“</strong> oder <strong>„wir“</strong> genannt.</p>
<p>Die für uns zuständige Aufsichtsbehörde ist:</p>
<p>Katholisches Datenschutzzentrum &#8211; Körperschaft des öffentlichen Rechts<br />
Brackeler Hellweg 144<br />
44309 Dortmund<br />
Telefon: 0231/13 89 85-0<br />
E-Mail: info@kdsz.de</p>
<p>Bitte beachten Sie, dass Sie über Links auf unserer Website zu anderen Internetseiten gelangen können, die nicht von uns, sondern von Dritten betrieben werden. Solche Links werden von uns entweder eindeutig gekennzeichnet oder sind durch einen Wechsel in der Adresszeile Ihres Browsers erkennbar. Für die Einhaltung der datenschutzrechtlichen Bestimmungen und einen sicheren Umgang mit Ihren personenbezogenen Daten auf diesen von Dritten betriebenen Internetseiten sind wir nicht verantwortlich.</p>
<p><strong>2. Definitionen</strong></p>
<p><strong>2.1. Aus dem KDG und der DS-GVO<br />
</strong>Diese Datenschutzerklärung verwendet die Begriffe des Gesetzestexte des KDG und der DS-GVO. Die Begriffsbestimmungen (§ 4 KDG, Art. 4 DS-GVO) können Sie z.B. unter <a href="https://www.datenschutz-kirche.de/" class="liinternal">https://www.datenschutz-kirche.de/</a> und <a href="https://dejure.org/gesetze/DSGVO/4.html" class="liinternal">https://dejure.org/gesetze/DSGVO/4.html</a> einsehen.<br />
<strong>2.2. Cookie<br />
</strong>Cookies sind Textdateien, die von einer Website auf Ihrem Endgerät abgelegt bzw. dort ausgelesen werden. Sie enthalten Buchstaben- und Zahlenkombinationen, um z.B. bei einer erneuten Verbindung zur Cookie-setzenden Website den Nutzer und seine Einstellungen wiederzuerkennen, das Eingeloggt-Bleiben in einem Kundenkonto zu ermöglichen oder ein bestimmtes Nutzungsverhalten statistisch zu analysieren.</p>
<p><strong>3. Allgemeine Informationen zur Datenverarbeitung</strong></p>
<p>Wir verarbeiten personenbezogene Daten nur, soweit dies gesetzlich zulässig ist. Eine Weitergabe personenbezogener Daten findet ausschließlich in den unten beschriebenen Fällen (s. unten 4.) statt.</p>
<p><strong>4. Datenverarbeitung im Zusammenhang mit der Nutzung der Website</strong></p>
<p><strong>4.1. Informatorische Nutzung der Website<br />
</strong>Wenn Sie unsere Website aufrufen und rein informatorisch, das heißt ohne Verwendung von Zusatzfunktionen wie Kontaktformular oder Social Media Plugins, nutzen, werden automatisch personenbezogene Daten von uns erhoben. Hierbei handelt es sich um folgende Informationen: IP-Adresse Ihres Endgeräts sowie Datum und Uhrzeit des Abrufs der Website. Diese Informationen werden von Ihrem Browser übermittelt, sofern Sie ihn nicht so konfiguriert haben, dass die Übermittlung der Informationen unterdrückt wird. Zur Gewährleistung der Sicherheit unserer informationstechnischen Systeme benötigen wir einen Teil der IP-Adresse. Hierin liegt zugleich unser berechtigtes Interesse, weswegen die Verarbeitung nach § 6 Abs. 1 Buchst. g KDG, Art. 6 Abs. 1 Buchst. f DS-GVO zulässig ist. Ihre IP-Adresse wird jedoch unmittelbar nach der Erhebung durch uns anonymisiert. Danach ist eine Zuordnung der IP-Adresse zu Ihnen nicht mehr möglich.<br />
<strong>4.2. Kontaktaufnahme per E-Mail<br />
</strong>Wenn Sie uns eine E-Mail schreiben, werden die von Ihnen dort angegebenen personenbezogenen Daten von uns verarbeitet. Diese Informationen werden von Ihrem Browser oder E-Mail-Client übermittelt und in unseren informationstechnischen Systemen gespeichert. Die Verarbeitung dieser personenbezogenen Daten ist notwendig für die Beantwortung Ihrer Anfrage. Zusätzlich werden Ihre IP-Adresse und Datum und Uhrzeit der Übermittlung gespeichert.<br />
Die Datenverarbeitung dient der Beantwortung Ihrer Anfrage. Diese Verarbeitung ist rechtmäßig, weil die Beantwortung Ihrer Anfrage ein berechtigtes Interesse im Sinne des § 6 Abs. 1 Buchst. g KDG, Art. 6 Abs. 1 Buchst. f DS-GVO darstellt. Sollte Ihre Anfrage zu einem späteren Vereinsbeitritt führen oder eine bestehende Vereinsmitgliedschaft betreffen, so ist die Verarbeitung zugleich gemäß § 6 Abs. 1 Buchst. c KDG, Art. 6 Abs. 1 Buchst. b DS-GVO zulässig.<br />
Die personenbezogenen Daten werden solange gespeichert, wie dies zur Beantwortung Ihrer Anfrage erforderlich ist. Sollte Ihre Anfrage zu einem späteren Vertragsschluss führen oder die Durchführung eines bestehenden Vertrags betreffen, findet eine Speicherung statt solange dies zur Durchführung vorvertraglicher Maßnahmen oder zur Erfüllung des Vertrags erforderlich ist. Danach werden die personenbezogenen Daten routinemäßig alle 6 Monate gelöscht. Wir führen diese personenbezogenen Daten nicht mit anderen Datenquellen zusammen. Eine Datenweitergabe an Dritte findet nicht statt. Eine Übermittlung in ein Drittland oder an eine internationale Organisation ist nicht beabsichtigt. Sie sind zur Bereitstellung dieser personenbezogenen Daten nicht verpflichtet, der Versand einer E-Mail ist ohne die Bereitstellung jedoch nicht möglich.</p>

<p>Datenschutzhinweise nach Art. 13 und 21 DS-GVO für die Website des Solidarwerk der katholischen Orden Deutschlands e.V. 1. Allgemeines Wir, der Solidarwerk der katholischen Orden Deutschlands e.V., nehmen den Schutz Ihrer personenbezogenen Daten und die diesem Schutz dienenden gesetzlichen Verpflichtungen sehr ernst. Die gesetzlichen Vorgaben verlangen umfassende Transparenz über die Verarbeitung persönlicher Daten. Nur wenn die Verarbeitung für Sie als betroffene Person &hellip; <a href="https://www.solidarwerk.de/cms/?page_id=546" class="liinternal">Weiterlesen <span class="meta-nav">&rarr;</span></a></p>
